Last updated on 2022-08-20 01:49:59 CEST.
Flavor | Version | Tinstall | Tcheck | Ttotal | Status | Flags |
---|---|---|---|---|---|---|
r-devel-linux-x86_64-debian-clang | 1.2.3 | 36.64 | 57.72 | 94.36 | NOTE | |
r-devel-linux-x86_64-debian-gcc | 1.2.3 | 26.35 | 42.80 | 69.15 | NOTE | |
r-devel-linux-x86_64-fedora-clang | 1.2.3 | 126.66 | NOTE | |||
r-devel-linux-x86_64-fedora-gcc | 1.2.3 | 117.87 | NOTE | |||
r-devel-windows-x86_64 | 1.2.3 | 61.00 | 112.00 | 173.00 | NOTE | |
r-patched-linux-x86_64 | 1.2.3 | 31.21 | 54.08 | 85.29 | OK | |
r-release-linux-x86_64 | 1.2.3 | OK | ||||
r-release-macos-arm64 | 1.2.3 | 38.00 | NOTE | |||
r-release-macos-x86_64 | 1.2.3 | 242.00 | NOTE | |||
r-release-windows-x86_64 | 1.2.3 | 42.00 | 115.00 | 157.00 | OK | |
r-oldrel-macos-arm64 | 1.2.3 | 47.00 | NOTE | |||
r-oldrel-macos-x86_64 | 1.2.3 | 72.00 | NOTE | |||
r-oldrel-windows-ix86+x86_64 | 1.2.3 | 82.00 | 108.00 | 190.00 | NOTE |
Version: 1.2.3
Check: Rd files
Result: NOTE
checkRd: (-1) GUTS-package.Rd:39: Escaped LaTeX specials: \&
checkRd: (-1) GUTS.Rd:201: Escaped LaTeX specials: \&
checkRd: (-1) GUTS.Rd:209: Escaped LaTeX specials: \&
Flavors: r-devel-linux-x86_64-debian-clang, r-devel-linux-x86_64-debian-gcc, r-devel-linux-x86_64-fedora-clang, r-devel-linux-x86_64-fedora-gcc, r-devel-windows-x86_64
Version: 1.2.3
Check: installed package size
Result: NOTE
installed size is 5.9Mb
sub-directories of 1Mb or more:
extdata 2.5Mb
libs 2.4Mb
Flavors: r-release-macos-arm64, r-release-macos-x86_64, r-oldrel-macos-arm64, r-oldrel-macos-x86_64, r-oldrel-windows-ix86+x86_64