CRAN Package Check Results for Package GREMLINS

Last updated on 2022-10-02 06:52:11 CEST.

Flavor Version Tinstall Tcheck Ttotal Status Flags
r-devel-linux-x86_64-debian-clang 0.2.0 12.81 179.81 192.62 OK
r-devel-linux-x86_64-debian-gcc 0.2.0 10.42 124.33 134.75 OK
r-devel-linux-x86_64-fedora-clang 0.2.0 236.02 NOTE
r-devel-linux-x86_64-fedora-gcc 0.2.0 232.56 NOTE
r-devel-windows-x86_64 0.2.0 34.00 270.00 304.00 OK
r-patched-linux-x86_64 0.2.0 12.72 165.88 178.60 OK
r-release-linux-x86_64 0.2.0 13.95 166.68 180.63 OK
r-release-macos-arm64 0.2.0 54.00 NOTE
r-release-macos-x86_64 0.2.0 85.00 NOTE
r-release-windows-x86_64 0.2.0 18.00 277.00 295.00 OK
r-oldrel-macos-arm64 0.2.0 65.00 NOTE
r-oldrel-macos-x86_64 0.2.0 119.00 NOTE
r-oldrel-windows-ix86+x86_64 0.2.0 26.00 332.00 358.00 OK

Check Details

Version: 0.2.0
Check: dependencies in R code
Result: NOTE
    Namespace in Imports field not imported from: ‘mclust’
     All declared Imports should be used.
Flavors: r-devel-linux-x86_64-fedora-clang, r-devel-linux-x86_64-fedora-gcc, r-release-macos-arm64, r-release-macos-x86_64, r-oldrel-macos-arm64, r-oldrel-macos-x86_64