CRAN Package Check Results for Package GPGame

Last updated on 2020-10-28 19:47:47 CET.

Flavor Version Tinstall Tcheck Ttotal Status Flags
r-devel-linux-x86_64-debian-clang 1.1.0 42.03 89.38 131.41 OK
r-devel-linux-x86_64-debian-gcc 1.1.0 31.34 68.28 99.62 OK
r-devel-linux-x86_64-fedora-clang 1.1.0 181.42 OK
r-devel-linux-x86_64-fedora-gcc 1.1.0 177.04 OK
r-devel-windows-ix86+x86_64 1.1.0 100.00 154.00 254.00 OK
r-patched-linux-x86_64 1.1.0 OK
r-patched-solaris-x86 1.1.0 193.60 OK
r-release-linux-x86_64 1.1.0 33.25 81.92 115.17 OK
r-release-macos-x86_64 1.1.0 OK
r-release-windows-ix86+x86_64 1.1.0 77.00 115.00 192.00 OK
r-oldrel-macos-x86_64 1.1.0 WARN
r-oldrel-windows-ix86+x86_64 1.1.0 95.00 141.00 236.00 OK

Check Details

Version: 1.1.0
Check: whether package can be installed
Result: WARN
    Found the following significant warnings:
     Warning: 'rgl_init' failed, running with rgl.useNULL = TRUE
Flavor: r-oldrel-macos-x86_64