Last updated on 2023-02-09 06:55:32 CET.
Flavor | Version | Tinstall | Tcheck | Ttotal | Status | Flags |
---|---|---|---|---|---|---|
r-devel-linux-x86_64-debian-clang | 0.1-6 | 57.74 | 246.18 | 303.92 | NOTE | |
r-devel-linux-x86_64-debian-gcc | 0.1-6 | 52.76 | 167.22 | 219.98 | NOTE | |
r-devel-linux-x86_64-fedora-clang | 0.1-6 | 393.10 | NOTE | |||
r-devel-linux-x86_64-fedora-gcc | 0.1-6 | 367.48 | NOTE | |||
r-devel-windows-x86_64 | 0.1-6 | 64.00 | 237.00 | 301.00 | NOTE | |
r-patched-linux-x86_64 | 0.1-6 | 54.49 | 225.41 | 279.90 | NOTE | |
r-release-linux-x86_64 | 0.1-6 | 42.39 | 224.92 | 267.31 | NOTE | |
r-release-macos-arm64 | 0.1-6 | 93.00 | OK | |||
r-release-macos-x86_64 | 0.1-6 | 128.00 | OK | |||
r-release-windows-x86_64 | 0.1-6 | 70.00 | 247.00 | 317.00 | OK | |
r-oldrel-macos-arm64 | 0.1-6 | 96.00 | OK | |||
r-oldrel-macos-x86_64 | 0.1-6 | 132.00 | OK | |||
r-oldrel-windows-ix86+x86_64 | 0.1-6 | 143.00 | 342.00 | 485.00 | OK |
Version: 0.1-6
Check: package dependencies
Result: NOTE
Package suggested but not available for checking: ‘gvcm.cat’
Flavors: r-devel-linux-x86_64-debian-clang, r-devel-linux-x86_64-debian-gcc, r-devel-linux-x86_64-fedora-clang, r-devel-linux-x86_64-fedora-gcc, r-patched-linux-x86_64, r-release-linux-x86_64
Version: 0.1-6
Check: C++ specification
Result: NOTE
Specified C++11: please update to current default of C++17
Flavor: r-devel-linux-x86_64-debian-clang
Version: 0.1-6
Check: Rd cross-references
Result: NOTE
Unknown package ‘gvcm.cat’ in Rd xrefs
Flavors: r-devel-linux-x86_64-debian-clang, r-devel-linux-x86_64-debian-gcc, r-devel-linux-x86_64-fedora-clang, r-devel-linux-x86_64-fedora-gcc, r-patched-linux-x86_64, r-release-linux-x86_64
Version: 0.1-6
Check: C++ specification
Result: NOTE
Specified C++11: please drop specification unless essential
Flavors: r-devel-linux-x86_64-debian-gcc, r-devel-linux-x86_64-fedora-clang, r-devel-linux-x86_64-fedora-gcc, r-devel-windows-x86_64