CRAN Package Check Results for Package GPCMlasso

Last updated on 2022-06-26 06:50:38 CEST.

Flavor Version Tinstall Tcheck Ttotal Status Flags
r-devel-linux-x86_64-debian-clang 0.1-6 66.43 249.03 315.46 OK
r-devel-linux-x86_64-debian-gcc 0.1-6 49.20 170.67 219.87 NOTE
r-devel-linux-x86_64-fedora-clang 0.1-6 402.64 NOTE
r-devel-linux-x86_64-fedora-gcc 0.1-6 380.08 OK
r-devel-windows-x86_64 0.1-6 61.00 258.00 319.00 OK
r-patched-linux-x86_64 0.1-6 55.32 228.07 283.39 NOTE
r-release-linux-x86_64 0.1-6 40.29 226.69 266.98 NOTE
r-release-macos-arm64 0.1-6 93.00 OK
r-release-macos-x86_64 0.1-6 128.00 OK
r-release-windows-x86_64 0.1-6 63.00 243.00 306.00 OK
r-oldrel-macos-arm64 0.1-6 96.00 OK
r-oldrel-macos-x86_64 0.1-6 132.00 OK
r-oldrel-windows-ix86+x86_64 0.1-6 142.00 346.00 488.00 OK

Check Details

Version: 0.1-6
Check: package dependencies
Result: NOTE
    Package suggested but not available for checking: ‘gvcm.cat’
Flavors: r-devel-linux-x86_64-debian-gcc, r-devel-linux-x86_64-fedora-clang, r-patched-linux-x86_64, r-release-linux-x86_64

Version: 0.1-6
Check: Rd cross-references
Result: NOTE
    Unknown package ‘gvcm.cat’ in Rd xrefs
Flavors: r-devel-linux-x86_64-debian-gcc, r-devel-linux-x86_64-fedora-clang, r-patched-linux-x86_64, r-release-linux-x86_64