CRAN Package Check Results for Package GNRS

Last updated on 2022-10-01 00:49:26 CEST.

Flavor Version Tinstall Tcheck Ttotal Status Flags
r-devel-linux-x86_64-debian-clang 0.3.4 5.09 66.98 72.07 OK
r-devel-linux-x86_64-debian-gcc 0.3.4 3.81 53.93 57.74 OK
r-devel-linux-x86_64-fedora-clang 0.3.4 99.47 NOTE
r-devel-linux-x86_64-fedora-gcc 0.3.4 95.95 NOTE
r-devel-windows-x86_64 0.3.4 19.00 114.00 133.00 OK
r-patched-linux-x86_64 0.3.4 5.25 67.99 73.24 OK
r-release-linux-x86_64 0.3.4 4.96 68.13 73.09 OK
r-release-macos-arm64 0.3.4 59.00 NOTE
r-release-macos-x86_64 0.3.4 69.00 NOTE
r-release-windows-x86_64 0.3.4 6.00 121.00 127.00 OK
r-oldrel-macos-arm64 0.3.4 70.00 NOTE
r-oldrel-macos-x86_64 0.3.4 66.00 NOTE
r-oldrel-windows-ix86+x86_64 0.3.4 8.00 107.00 115.00 OK

Check Details

Version: 0.3.4
Check: data for non-ASCII characters
Result: NOTE
     Note: found 3 marked UTF-8 strings
Flavors: r-devel-linux-x86_64-fedora-clang, r-devel-linux-x86_64-fedora-gcc, r-release-macos-arm64, r-release-macos-x86_64, r-oldrel-macos-arm64, r-oldrel-macos-x86_64