CRAN Package Check Results for Package GMPro

Last updated on 2022-10-04 07:49:48 CEST.

Flavor Version Tinstall Tcheck Ttotal Status Flags
r-devel-linux-x86_64-debian-clang 0.1.0 5.09 67.29 72.38 NOTE
r-devel-linux-x86_64-debian-gcc 0.1.0 3.21 49.92 53.13 NOTE
r-devel-linux-x86_64-fedora-clang 0.1.0 99.86 NOTE
r-devel-linux-x86_64-fedora-gcc 0.1.0 93.67 NOTE
r-devel-windows-x86_64 0.1.0 14.00 90.00 104.00 NOTE
r-patched-linux-x86_64 0.1.0 5.03 62.87 67.90 NOTE
r-release-linux-x86_64 0.1.0 4.36 63.34 67.70 NOTE
r-release-macos-arm64 0.1.0 27.00 NOTE
r-release-macos-x86_64 0.1.0 37.00 NOTE
r-release-windows-x86_64 0.1.0 11.00 90.00 101.00 NOTE
r-oldrel-macos-arm64 0.1.0 33.00 NOTE
r-oldrel-macos-x86_64 0.1.0 59.00 NOTE
r-oldrel-windows-ix86+x86_64 0.1.0 10.00 92.00 102.00 NOTE

Check Details

Version: 0.1.0
Check: LazyData
Result: NOTE
     'LazyData' is specified without a 'data' directory
Flavors: r-devel-linux-x86_64-debian-clang, r-devel-linux-x86_64-debian-gcc, r-devel-linux-x86_64-fedora-clang, r-devel-linux-x86_64-fedora-gcc, r-devel-windows-x86_64, r-patched-linux-x86_64, r-release-linux-x86_64, r-release-macos-arm64, r-release-macos-x86_64, r-release-windows-x86_64, r-oldrel-macos-arm64, r-oldrel-macos-x86_64, r-oldrel-windows-ix86+x86_64