CRAN Package Check Results for Package GMDH2

Last updated on 2020-10-30 01:48:32 CET.

Flavor Version Tinstall Tcheck Ttotal Status Flags
r-devel-linux-x86_64-debian-clang 1.5 11.49 101.77 113.26 OK
r-devel-linux-x86_64-debian-gcc 1.5 10.02 75.50 85.52 OK
r-devel-linux-x86_64-fedora-clang 1.5 144.28 NOTE
r-devel-linux-x86_64-fedora-gcc 1.5 142.37 OK
r-devel-windows-ix86+x86_64 1.5 43.00 118.00 161.00 OK
r-patched-linux-x86_64 1.5 10.48 93.06 103.54 OK
r-patched-solaris-x86 1.5 181.40 OK
r-release-linux-x86_64 1.5 11.96 92.24 104.20 OK
r-release-macos-x86_64 1.5 OK
r-release-windows-ix86+x86_64 1.5 20.00 126.00 146.00 OK
r-oldrel-macos-x86_64 1.5 OK
r-oldrel-windows-ix86+x86_64 1.5 24.00 117.00 141.00 OK

Check Details

Version: 1.5
Check: Rd cross-references
Result: NOTE
    Undeclared package ‘caret’ in Rd xrefs
Flavor: r-devel-linux-x86_64-fedora-clang