CRAN Package Check Results for Package GLMaSPU

Last updated on 2022-10-01 00:49:26 CEST.

Flavor Version Tinstall Tcheck Ttotal Status Flags
r-devel-linux-x86_64-debian-clang 1.0 27.56 34.12 61.68 OK
r-devel-linux-x86_64-debian-gcc 1.0 24.06 26.15 50.21 OK
r-devel-linux-x86_64-fedora-clang 1.0 99.81 NOTE
r-devel-linux-x86_64-fedora-gcc 1.0 93.74 NOTE
r-devel-windows-x86_64 1.0 32.00 79.00 111.00 OK
r-patched-linux-x86_64 1.0 29.74 32.62 62.36 OK
r-release-linux-x86_64 1.0 30.16 32.53 62.69 OK
r-release-macos-arm64 1.0 27.00 OK
r-release-macos-x86_64 1.0 36.00 OK
r-release-windows-x86_64 1.0 36.00 81.00 117.00 OK
r-oldrel-macos-arm64 1.0 36.00 OK
r-oldrel-macos-x86_64 1.0 49.00 OK
r-oldrel-windows-ix86+x86_64 1.0 85.00 83.00 168.00 OK

Check Details

Version: 1.0
Check: compiled code
Result: NOTE
    File ‘GLMaSPU/libs/GLMaSPU.so’:
     Found no calls to: ‘R_registerRoutines’, ‘R_useDynamicSymbols’
    
    It is good practice to register native routines and to disable symbol
    search.
    
    See ‘Writing portable packages’ in the ‘Writing R Extensions’ manual.
Flavors: r-devel-linux-x86_64-fedora-clang, r-devel-linux-x86_64-fedora-gcc