CRAN Package Check Results for Package GEC

Last updated on 2024-06-17 00:49:59 CEST.

Flavor Version Tinstall Tcheck Ttotal Status Flags
r-devel-linux-x86_64-debian-clang 0.1.0 8.53 111.10 119.63 OK
r-devel-linux-x86_64-debian-gcc 0.1.0 7.38 77.00 84.38 OK
r-devel-linux-x86_64-fedora-clang 0.1.0 144.57 OK
r-devel-linux-x86_64-fedora-gcc 0.1.0 137.58 OK
r-devel-windows-x86_64 0.1.0 9.00 102.00 111.00 OK
r-patched-linux-x86_64 0.1.0 10.32 105.34 115.66 OK
r-release-linux-x86_64 0.1.0 8.53 102.21 110.74 OK
r-release-macos-arm64 0.1.0 36.00 ERROR
r-release-macos-x86_64 0.1.0 61.00 OK
r-release-windows-x86_64 0.1.0 9.00 102.00 111.00 OK
r-oldrel-macos-arm64 0.1.0 49.00 ERROR
r-oldrel-macos-x86_64 0.1.0 100.00 OK
r-oldrel-windows-x86_64 0.1.0 8.00 120.00 128.00 OK

Check Details

Version: 0.1.0
Check: examples
Result: ERROR Running examples in ‘GEC-Ex.R’ failed The error most likely occurred in: > ### Name: eep_optim > ### Title: The Wrapper Function that Returns the Final Estimates from > ### Maximum Likelihood Estimation for EEP. > ### Aliases: eep_optim > > ### ** Examples > > eep_optim(seq(1:100)) Error in stats::optim(init, lower = lower_bound, eep_nll, method = "L-BFGS-B", : L-BFGS-B needs finite values of 'fn' Calls: eep_optim -> raw_est_eep -> <Anonymous> Execution halted Flavors: r-release-macos-arm64, r-oldrel-macos-arm64