CRAN Package Check Results for Package GADMTools

Last updated on 2022-08-08 00:54:08 CEST.

Flavor Version Tinstall Tcheck Ttotal Status Flags
r-devel-linux-x86_64-debian-clang 3.9-1 22.07 182.30 204.37 ERROR
r-devel-linux-x86_64-debian-gcc 3.9-1 17.90 137.90 155.80 OK
r-devel-linux-x86_64-fedora-clang 3.9-1 254.26 NOTE
r-devel-linux-x86_64-fedora-gcc 3.9-1 255.28 NOTE
r-devel-windows-x86_64 3.9-1 55.00 296.00 351.00 OK
r-patched-linux-x86_64 3.9-1 25.24 177.05 202.29 OK
r-release-linux-x86_64 3.9-1 18.44 176.59 195.03 OK
r-release-macos-arm64 3.9-1 70.00 NOTE
r-release-macos-x86_64 3.9-1 141.00 NOTE
r-release-windows-x86_64 3.9-1 56.00 301.00 357.00 OK
r-oldrel-macos-arm64 3.9-1 136.00 NOTE
r-oldrel-macos-x86_64 3.9-1 118.00 NOTE
r-oldrel-windows-ix86+x86_64 3.9-1 49.00 551.00 600.00 OK

Check Details

Version: 3.9-1
Check: re-building of vignette outputs
Result: ERROR
    Error(s) in re-building vignettes:
     ...
    --- re-building 'GADMTools_GRAPHICS.Rmd' using rmarkdown
    Loading required package: sp
    Loading required package: classInt
    Loading required package: sf
    Linking to GEOS 3.11.0, GDAL 3.5.1, PROJ 9.0.1; sf_use_s2() is TRUE
    Loading required package: rgdal
    Please note that rgdal will be retired by the end of 2023,
    plan transition to sf/stars/terra functions using GDAL and PROJ
    at your earliest convenience.
    
    rgdal: version: 1.5-32, (SVN revision 1176)
    Geospatial Data Abstraction Library extensions to R successfully loaded
    Loaded GDAL runtime: GDAL 3.5.1, released 2022/06/30
    Path to GDAL shared files: /usr/share/gdal
     GDAL does not use iconv for recoding strings.
    GDAL binary built with GEOS: TRUE
    Loaded PROJ runtime: Rel. 9.0.1, June 15th, 2022, [PJ_VERSION: 901]
    Path to PROJ shared files: /home/hornik/.local/share/proj:/usr/share/proj
    PROJ CDN enabled: FALSE
    Linking to sp version:1.5-0
    To mute warnings of possible GDAL/OSR exportToProj4() degradation,
    use options("rgdal_show_exportToProj4_warnings"="none") before loading sp or rgdal.
    
    Attaching package: 'GADMTools'
    
    The following object is masked from 'package:utils':
    
     vignette
    
    old-style crs object detected; please recreate object with a recent sf::st_crs()
    old-style crs object detected; please recreate object with a recent sf::st_crs()
    old-style crs object detected; please recreate object with a recent sf::st_crs()
    old-style crs object detected; please recreate object with a recent sf::st_crs()
    Joining, by = "NAME_4"
    old-style crs object detected; please recreate object with a recent sf::st_crs()
    old-style crs object detected; please recreate object with a recent sf::st_crs()
    old-style crs object detected; please recreate object with a recent sf::st_crs()
    Warning: LaTeX Warning: `h' float specifier changed to `ht'.
    Warning: LaTeX Warning: `h' float specifier changed to `ht'.
    Warning: LaTeX Warning: `h' float specifier changed to `ht'.
    --- finished re-building 'GADMTools_GRAPHICS.Rmd'
    
    --- re-building 'GADMTools_ISO_3166-1_alpha-3.Rmd' using rmarkdown
    Quitting from lines 19-27 (GADMTools_ISO_3166-1_alpha-3.Rmd)
    Error: processing vignette 'GADMTools_ISO_3166-1_alpha-3.Rmd' failed with diagnostics:
    input string 6 is invalid
    --- failed re-building 'GADMTools_ISO_3166-1_alpha-3.Rmd'
    
    --- re-building 'GADMTools_Manipulating_Shapefiles.Rmd' using rmarkdown
    Warning: attribute variables are assumed to be spatially constant throughout all geometries
    Warning: LaTeX Warning: `h' float specifier changed to `ht'.
    Warning: LaTeX Warning: `h' float specifier changed to `ht'.
    Warning: LaTeX Warning: `h' float specifier changed to `ht'.
    Warning: LaTeX Warning: `h' float specifier changed to `ht'.
    Warning: LaTeX Warning: `h' float specifier changed to `ht'.
    --- finished re-building 'GADMTools_Manipulating_Shapefiles.Rmd'
    
    SUMMARY: processing the following file failed:
     'GADMTools_ISO_3166-1_alpha-3.Rmd'
    
    Error: Vignette re-building failed.
    Execution halted
Flavor: r-devel-linux-x86_64-debian-clang

Version: 3.9-1
Check: data for non-ASCII characters
Result: NOTE
     Note: found 19 marked UTF-8 strings
Flavors: r-devel-linux-x86_64-fedora-clang, r-devel-linux-x86_64-fedora-gcc, r-release-macos-arm64, r-release-macos-x86_64, r-oldrel-macos-arm64, r-oldrel-macos-x86_64