CRAN Package Check Results for Package FrF2

Last updated on 2022-09-29 21:49:06 CEST.

Flavor Version Tinstall Tcheck Ttotal Status Flags
r-devel-linux-x86_64-debian-clang 2.2-3 17.76 175.00 192.76 NOTE
r-devel-linux-x86_64-debian-gcc 2.2-3 14.87 125.02 139.89 NOTE
r-devel-linux-x86_64-fedora-clang 2.2-3 242.17 NOTE
r-devel-linux-x86_64-fedora-gcc 2.2-3 234.79 NOTE
r-devel-windows-x86_64 2.2-3 31.00 205.00 236.00 NOTE
r-patched-linux-x86_64 2.2-3 22.19 162.08 184.27 OK
r-release-linux-x86_64 2.2-3 16.94 161.21 178.15 OK
r-release-macos-arm64 2.2-3 51.00 OK
r-release-macos-x86_64 2.2-3 74.00 OK
r-release-windows-x86_64 2.2-3 33.00 196.00 229.00 OK
r-oldrel-macos-arm64 2.2-3 50.00 OK
r-oldrel-macos-x86_64 2.2-3 72.00 OK
r-oldrel-windows-ix86+x86_64 2.2-3 31.00 194.00 225.00 OK

Check Details

Version: 2.2-3
Check: Rd files
Result: NOTE
    checkRd: (-1) CatalogueAccessors.Rd:249: Escaped LaTeX specials: \^ \^
    checkRd: (-1) FrF2.Rd:574: Escaped LaTeX specials: \^
    checkRd: (-1) FrF2.Rd:629: Escaped LaTeX specials: \^ \^
    checkRd: (-1) IAPlot.Rd:87: Escaped LaTeX specials: \$
    checkRd: (-1) block.Rd:121: Escaped LaTeX specials: \^
    checkRd: (-1) block.Rd:150: Escaped LaTeX specials: \^ \^
    checkRd: (-1) blockpick.Rd:114: Escaped LaTeX specials: \^ \^
Flavors: r-devel-linux-x86_64-debian-clang, r-devel-linux-x86_64-debian-gcc, r-devel-linux-x86_64-fedora-clang, r-devel-linux-x86_64-fedora-gcc, r-devel-windows-x86_64