CRAN Package Check Results for Package ForestTools

Last updated on 2022-09-29 00:52:48 CEST.

Flavor Version Tinstall Tcheck Ttotal Status Flags
r-devel-linux-x86_64-debian-clang 0.2.5 19.56 148.61 168.17 OK
r-devel-linux-x86_64-debian-gcc 0.2.5 16.94 108.79 125.73 OK
r-devel-linux-x86_64-fedora-clang 0.2.5 227.74 NOTE
r-devel-linux-x86_64-fedora-gcc 0.2.5 208.27 NOTE
r-devel-windows-x86_64 0.2.5 67.00 201.00 268.00 OK
r-patched-linux-x86_64 0.2.5 17.31 140.73 158.04 OK
r-release-linux-x86_64 0.2.5 19.94 135.80 155.74 OK
r-release-macos-arm64 0.2.5 52.00 NOTE
r-release-macos-x86_64 0.2.5 74.00 NOTE
r-release-windows-x86_64 0.2.5 52.00 200.00 252.00 OK
r-oldrel-macos-arm64 0.2.5 49.00 NOTE
r-oldrel-macos-x86_64 0.2.5 65.00 NOTE
r-oldrel-windows-ix86+x86_64 0.2.5 52.00 223.00 275.00 NOTE

Check Details

Version: 0.2.5
Check: dependencies in R code
Result: NOTE
    Namespace in Imports field not imported from: ‘methods’
     All declared Imports should be used.
Flavors: r-devel-linux-x86_64-fedora-clang, r-devel-linux-x86_64-fedora-gcc, r-release-macos-arm64, r-release-macos-x86_64, r-oldrel-macos-arm64, r-oldrel-macos-x86_64

Version: 0.2.5
Check: installed package size
Result: NOTE
     installed size is 5.5Mb
     sub-directories of 1Mb or more:
     data 2.4Mb
     libs 2.0Mb
Flavor: r-oldrel-windows-ix86+x86_64