CRAN Package Check Results for Package ForecastTB

Last updated on 2022-09-25 12:55:57 CEST.

Flavor Version Tinstall Tcheck Ttotal Status Flags
r-devel-linux-x86_64-debian-clang 1.0.1 9.23 114.84 124.07 NOTE
r-devel-linux-x86_64-debian-gcc 1.0.1 9.08 84.72 93.80 NOTE
r-devel-linux-x86_64-fedora-clang 1.0.1 168.35 NOTE
r-devel-linux-x86_64-fedora-gcc 1.0.1 154.68 NOTE
r-devel-windows-x86_64 1.0.1 18.00 134.00 152.00 NOTE
r-patched-linux-x86_64 1.0.1 8.45 107.92 116.37 NOTE
r-release-linux-x86_64 1.0.1 7.98 107.37 115.35 NOTE
r-release-macos-arm64 1.0.1 48.00 NOTE
r-release-macos-x86_64 1.0.1 91.00 NOTE
r-release-windows-x86_64 1.0.1 19.00 134.00 153.00 NOTE
r-oldrel-macos-arm64 1.0.1 68.00 NOTE
r-oldrel-macos-x86_64 1.0.1 75.00 NOTE
r-oldrel-windows-ix86+x86_64 1.0.1 24.00 115.00 139.00 NOTE

Check Details

Version: 1.0.1
Check: LazyData
Result: NOTE
     'LazyData' is specified without a 'data' directory
Flavors: r-devel-linux-x86_64-debian-clang, r-devel-linux-x86_64-debian-gcc, r-devel-linux-x86_64-fedora-clang, r-devel-linux-x86_64-fedora-gcc, r-devel-windows-x86_64, r-patched-linux-x86_64, r-release-linux-x86_64, r-release-macos-arm64, r-release-macos-x86_64, r-release-windows-x86_64, r-oldrel-macos-arm64, r-oldrel-macos-x86_64, r-oldrel-windows-ix86+x86_64

Version: 1.0.1
Check: dependencies in R code
Result: NOTE
    Namespace in Imports field not imported from: ‘decomposedPSF’
     All declared Imports should be used.
Flavors: r-devel-linux-x86_64-fedora-clang, r-devel-linux-x86_64-fedora-gcc, r-release-macos-arm64, r-release-macos-x86_64, r-oldrel-macos-arm64, r-oldrel-macos-x86_64