CRAN Package Check Results for Package ForeCA

Last updated on 2020-10-25 22:48:14 CET.

Flavor Version Tinstall Tcheck Ttotal Status Flags
r-devel-linux-x86_64-debian-clang 0.2.7 5.51 240.81 246.32 OK
r-devel-linux-x86_64-debian-gcc 0.2.7 3.75 160.11 163.86 OK
r-devel-linux-x86_64-fedora-clang 0.2.7 312.67 OK
r-devel-linux-x86_64-fedora-gcc 0.2.7 258.70 OK
r-devel-windows-ix86+x86_64 0.2.7 10.00 239.00 249.00 OK
r-patched-linux-x86_64 0.2.7 4.40 232.34 236.74 OK
r-patched-solaris-x86 0.2.7 335.20 OK
r-release-linux-x86_64 0.2.7 5.10 220.27 225.37 OK
r-release-macos-x86_64 0.2.7 OK
r-release-windows-ix86+x86_64 0.2.7 7.00 188.00 195.00 OK
r-oldrel-macos-x86_64 0.2.7 WARN
r-oldrel-windows-ix86+x86_64 0.2.7 9.00 240.00 249.00 WARN

Check Details

Version: 0.2.7
Check: Rd cross-references
Result: WARN
    Missing link or links in documentation object 'foreca-utils.Rd':
     ‘[base]{plot}’
    
    Missing link or links in documentation object 'foreca.one_weightvector-utils.Rd':
     ‘[base]{plot}’
    
    See section 'Cross-references' in the 'Writing R Extensions' manual.
Flavors: r-oldrel-macos-x86_64, r-oldrel-windows-ix86+x86_64