CRAN Package Check Results for Package FlexReg

Last updated on 2022-08-15 21:54:36 CEST.

Flavor Version Tinstall Tcheck Ttotal Status Flags
r-devel-linux-x86_64-debian-clang 1.1 1070.74 236.41 1307.15 NOTE
r-devel-linux-x86_64-debian-gcc 1.1 1085.68 220.98 1306.66 NOTE
r-devel-linux-x86_64-fedora-clang 1.1 1815.37 NOTE
r-devel-linux-x86_64-fedora-gcc 1.1 2280.37 NOTE
r-devel-windows-x86_64 1.1 768.00 352.00 1120.00 NOTE
r-patched-linux-x86_64 1.1 1079.16 281.96 1361.12 NOTE
r-release-linux-x86_64 1.1 974.17 290.84 1265.01 NOTE
r-release-macos-arm64 1.1 516.00 NOTE
r-release-macos-x86_64 1.1 792.00 NOTE
r-release-windows-x86_64 1.1 741.00 362.00 1103.00 NOTE
r-oldrel-macos-arm64 1.1 488.00 NOTE
r-oldrel-macos-x86_64 1.1 665.00 NOTE
r-oldrel-windows-ix86+x86_64 1.1 2121.00 461.00 2582.00 NOTE

Check Details

Version: 1.1
Check: for GNU extensions in Makefiles
Result: NOTE
    GNU make is a SystemRequirements.
Flavors: r-devel-linux-x86_64-debian-clang, r-devel-linux-x86_64-debian-gcc, r-devel-linux-x86_64-fedora-clang, r-devel-linux-x86_64-fedora-gcc, r-devel-windows-x86_64, r-patched-linux-x86_64, r-release-linux-x86_64, r-release-macos-arm64, r-release-macos-x86_64, r-release-windows-x86_64, r-oldrel-macos-arm64, r-oldrel-macos-x86_64, r-oldrel-windows-ix86+x86_64

Version: 1.1
Check: installed package size
Result: NOTE
     installed size is 12.2Mb
     sub-directories of 1Mb or more:
     libs 11.5Mb
Flavors: r-devel-linux-x86_64-fedora-clang, r-devel-windows-x86_64, r-release-macos-arm64, r-release-macos-x86_64, r-release-windows-x86_64, r-oldrel-macos-arm64, r-oldrel-macos-x86_64, r-oldrel-windows-ix86+x86_64