CRAN Package Check Results for Package FishResp

Last updated on 2020-05-29 07:53:56 CEST.

Flavor Version Tinstall Tcheck Ttotal Status Flags
r-devel-linux-x86_64-debian-clang 1.0.3 17.66 105.95 123.61 NOTE
r-devel-linux-x86_64-debian-gcc 1.0.3 13.75 80.33 94.08 NOTE
r-devel-linux-x86_64-fedora-clang 1.0.3 166.07 NOTE
r-devel-linux-x86_64-fedora-gcc 1.0.3 153.39 NOTE
r-devel-windows-ix86+x86_64 1.0.3 42.00 146.00 188.00 OK
r-patched-linux-x86_64 1.0.3 16.68 103.53 120.21 NOTE
r-patched-solaris-x86 1.0.3 192.20 NOTE
r-release-linux-x86_64 1.0.3 18.58 105.20 123.78 NOTE
r-release-osx-x86_64 1.0.3 OK
r-release-windows-ix86+x86_64 1.0.3 27.00 105.00 132.00 OK
r-oldrel-osx-x86_64 1.0.3 OK
r-oldrel-windows-ix86+x86_64 1.0.3 26.00 107.00 133.00 OK

Check Details

Version: 1.0.3
Check: for non-standard things in the check directory
Result: NOTE
    Found the following files/directories:
     'converted_AMR_raw.txt' 'converted_SMR_raw.txt' 'fishresp.txt'
     'results.txt'
Flavors: r-devel-linux-x86_64-debian-clang, r-devel-linux-x86_64-debian-gcc, r-devel-linux-x86_64-fedora-clang, r-devel-linux-x86_64-fedora-gcc, r-patched-linux-x86_64, r-patched-solaris-x86, r-release-linux-x86_64