CRAN Package Check Results for Package FishPhyloMaker

Last updated on 2022-10-02 21:53:41 CEST.

Flavor Version Tinstall Tcheck Ttotal Status Flags
r-devel-linux-x86_64-debian-clang 0.2.0 3.51 40.69 44.20 OK
r-devel-linux-x86_64-debian-gcc 0.2.0 3.06 31.45 34.51 OK
r-devel-linux-x86_64-fedora-clang 0.2.0 68.57 NOTE
r-devel-linux-x86_64-fedora-gcc 0.2.0 66.73 NOTE
r-devel-windows-x86_64 0.2.0 40.00 85.00 125.00 OK
r-patched-linux-x86_64 0.2.0 4.61 38.23 42.84 OK
r-release-linux-x86_64 0.2.0 2.89 38.04 40.93 OK
r-release-macos-arm64 0.2.0 21.00 NOTE
r-release-macos-x86_64 0.2.0 42.00 NOTE
r-release-windows-x86_64 0.2.0 34.00 73.00 107.00 OK
r-oldrel-macos-arm64 0.2.0 20.00 NOTE
r-oldrel-macos-x86_64 0.2.0 33.00 NOTE
r-oldrel-windows-ix86+x86_64 0.2.0 10.00 66.00 76.00 OK

Check Details

Version: 0.2.0
Check: dependencies in R code
Result: NOTE
    Namespaces in Imports field not imported from:
     ‘knitr’ ‘rmarkdown’ ‘utils’
     All declared Imports should be used.
Flavors: r-devel-linux-x86_64-fedora-clang, r-devel-linux-x86_64-fedora-gcc, r-release-macos-arm64, r-release-macos-x86_64, r-oldrel-macos-arm64, r-oldrel-macos-x86_64