CRAN Package Check Results for Package FinePop2

Last updated on 2020-10-28 01:49:33 CET.

Flavor Version Tinstall Tcheck Ttotal Status Flags
r-devel-linux-x86_64-debian-clang 0.4 2.63 31.49 34.12 OK
r-devel-linux-x86_64-debian-gcc 0.4 2.13 23.91 26.04 OK
r-devel-linux-x86_64-fedora-clang 0.4 51.71 NOTE
r-devel-linux-x86_64-fedora-gcc 0.4 43.97 OK
r-devel-windows-ix86+x86_64 0.4 5.00 43.00 48.00 OK
r-patched-linux-x86_64 0.4 OK
r-patched-solaris-x86 0.4 59.90 OK
r-release-linux-x86_64 0.4 3.00 30.84 33.84 OK
r-release-macos-x86_64 0.4 OK
r-release-windows-ix86+x86_64 0.4 5.00 44.00 49.00 OK
r-oldrel-macos-x86_64 0.4 OK
r-oldrel-windows-ix86+x86_64 0.4 9.00 57.00 66.00 OK

Check Details

Version: 0.4
Check: Rd cross-references
Result: NOTE
    Undeclared package ‘FinePop’ in Rd xrefs
Flavor: r-devel-linux-x86_64-fedora-clang