CRAN Package Check Results for Package FinePop

Last updated on 2022-10-04 07:49:47 CEST.

Flavor Version Tinstall Tcheck Ttotal Status Flags
r-devel-linux-x86_64-debian-clang 1.5.1 3.23 40.97 44.20 NOTE
r-devel-linux-x86_64-debian-gcc 1.5.1 3.08 31.44 34.52 NOTE
r-devel-linux-x86_64-fedora-clang 1.5.1 66.39 NOTE
r-devel-linux-x86_64-fedora-gcc 1.5.1 62.82 NOTE
r-devel-windows-x86_64 1.5.1 16.00 74.00 90.00 OK
r-patched-linux-x86_64 1.5.1 3.05 39.49 42.54 NOTE
r-release-linux-x86_64 1.5.1 3.60 38.35 41.95 NOTE
r-release-macos-arm64 1.5.1 22.00 OK
r-release-macos-x86_64 1.5.1 29.00 OK
r-release-windows-x86_64 1.5.1 20.00 74.00 94.00 OK
r-oldrel-macos-arm64 1.5.1 25.00 OK
r-oldrel-macos-x86_64 1.5.1 39.00 OK
r-oldrel-windows-ix86+x86_64 1.5.1 8.00 68.00 76.00 OK

Check Details

Version: 1.5.1
Check: for non-standard things in the check directory
Result: NOTE
    Found the following files/directories:
     'AH_genepop.txt' 'AH_popname.txt' 'JSM_MS_freq.txt'
     'JSM_MS_genepop.txt' 'JSM_genepop_clipped_both.txt'
     'JSM_genepop_clipped_maf.txt' 'JSM_genepop_clipped_name.txt'
     'JSM_mtDNA_freq.txt' 'JSM_popname.txt' 'result_DJ.csv'
     'result_EBDJ.csv' 'result_EBFST.csv' 'result_EBFST_mtDNA.csv'
     'result_EBGstH.csv' 'result_GstH.csv' 'result_GstN.csv'
     'result_GstNC.csv' 'result_thetaWCpair.csv'
Flavors: r-devel-linux-x86_64-debian-clang, r-devel-linux-x86_64-debian-gcc, r-devel-linux-x86_64-fedora-clang, r-devel-linux-x86_64-fedora-gcc, r-patched-linux-x86_64, r-release-linux-x86_64