CRAN Package Check Results for Package Fgmutils

Last updated on 2020-05-30 13:51:24 CEST.

Flavor Version Tinstall Tcheck Ttotal Status Flags
r-devel-linux-x86_64-debian-clang 0.9.5 10.24 75.96 86.20 OK
r-devel-linux-x86_64-debian-gcc 0.9.5 8.61 58.76 67.37 OK
r-devel-linux-x86_64-fedora-clang 0.9.5 109.53 OK
r-devel-linux-x86_64-fedora-gcc 0.9.5 103.89 OK
r-devel-windows-ix86+x86_64 0.9.5 27.00 152.00 179.00 OK
r-patched-linux-x86_64 0.9.5 11.58 74.91 86.49 OK
r-patched-solaris-x86 0.9.5 160.10 OK
r-release-linux-x86_64 0.9.5 11.54 76.06 87.60 OK
r-release-osx-x86_64 0.9.5 OK
r-release-windows-ix86+x86_64 0.9.5 19.00 120.00 139.00 OK
r-oldrel-osx-x86_64 0.9.5 FAIL
r-oldrel-windows-ix86+x86_64 0.9.5 17.00 86.00 103.00 OK

Check Details

Version: 0.9.5
Check: whether package can be installed
Result: FAIL
Flavor: r-oldrel-osx-x86_64