CRAN Package Check Results for Package Fgmutils

Last updated on 2022-08-20 01:49:58 CEST.

Flavor Version Tinstall Tcheck Ttotal Status Flags
r-devel-linux-x86_64-debian-clang 0.9.5 9.94 96.56 106.50 NOTE
r-devel-linux-x86_64-debian-gcc 0.9.5 8.95 69.37 78.32 NOTE
r-devel-linux-x86_64-fedora-clang 0.9.5 137.17 NOTE
r-devel-linux-x86_64-fedora-gcc 0.9.5 135.87 NOTE
r-devel-windows-x86_64 0.9.5 41.00 126.00 167.00 NOTE
r-patched-linux-x86_64 0.9.5 13.36 98.08 111.44 NOTE
r-release-linux-x86_64 0.9.5 NOTE
r-release-macos-arm64 0.9.5 70.00 NOTE
r-release-macos-x86_64 0.9.5 119.00 NOTE
r-release-windows-x86_64 0.9.5 48.00 110.00 158.00 NOTE
r-oldrel-macos-arm64 0.9.5 85.00 NOTE
r-oldrel-macos-x86_64 0.9.5 92.00 NOTE
r-oldrel-windows-ix86+x86_64 0.9.5 24.00 112.00 136.00 NOTE

Check Details

Version: 0.9.5
Check: LazyData
Result: NOTE
     'LazyData' is specified without a 'data' directory
Flavors: r-devel-linux-x86_64-debian-clang, r-devel-linux-x86_64-debian-gcc, r-devel-linux-x86_64-fedora-clang, r-devel-linux-x86_64-fedora-gcc, r-devel-windows-x86_64, r-patched-linux-x86_64, r-release-linux-x86_64, r-release-macos-arm64, r-release-macos-x86_64, r-release-windows-x86_64, r-oldrel-macos-arm64, r-oldrel-macos-x86_64, r-oldrel-windows-ix86+x86_64