CRAN Package Check Results for Package FertNet

Last updated on 2024-06-13 06:58:01 CEST.

Flavor Version Tinstall Tcheck Ttotal Status Flags
r-devel-linux-x86_64-debian-clang 0.1.2 5.27 32.14 37.41 OK
r-devel-linux-x86_64-debian-gcc 0.1.2 0.39 1.55 1.94 ERROR
r-devel-linux-x86_64-fedora-clang 0.1.2 47.15 OK
r-devel-linux-x86_64-fedora-gcc 0.1.2 44.97 OK
r-devel-windows-x86_64 0.1.2 4.00 46.00 50.00 OK
r-patched-linux-x86_64 0.1.2 2.84 32.15 34.99 OK
r-release-linux-x86_64 0.1.2 2.91 31.71 34.62 OK
r-release-macos-arm64 0.1.2 20.00 OK
r-release-macos-x86_64 0.1.2 26.00 OK
r-release-windows-x86_64 0.1.2 5.00 50.00 55.00 OK
r-oldrel-macos-arm64 0.1.2 25.00 OK
r-oldrel-macos-x86_64 0.1.2 44.00 OK
r-oldrel-windows-x86_64 0.1.2 7.00 49.00 56.00 OK

Check Details

Version: 0.1.2
Check: package dependencies
Result: ERROR Package required but not available: ‘haven’ Packages suggested but not available for checking: 'testthat', 'tidygraph' See section ‘The DESCRIPTION file’ in the ‘Writing R Extensions’ manual. Flavor: r-devel-linux-x86_64-debian-gcc