Last updated on 2023-09-29 18:54:34 CEST.
Flavor | Version | Tinstall | Tcheck | Ttotal | Status | Flags |
---|---|---|---|---|---|---|
r-devel-linux-x86_64-debian-clang | 0.1.1 | 84.63 | 35.11 | 119.74 | NOTE | |
r-devel-linux-x86_64-debian-gcc | 0.1.1 | 58.75 | 27.58 | 86.33 | NOTE | |
r-devel-linux-x86_64-fedora-clang | 0.1.1 | 182.81 | NOTE | |||
r-devel-linux-x86_64-fedora-gcc | 0.1.1 | 201.48 | NOTE | |||
r-devel-windows-x86_64 | 0.1.1 | 68.00 | 74.00 | 142.00 | NOTE | |
r-patched-linux-x86_64 | 0.1.1 | 88.57 | 34.26 | 122.83 | NOTE | |
r-release-linux-x86_64 | 0.1.1 | 86.72 | 34.33 | 121.05 | NOTE | |
r-release-macos-arm64 | 0.1.1 | 43.00 | NOTE | |||
r-release-macos-x86_64 | 0.1.1 | 83.00 | NOTE | |||
r-release-windows-x86_64 | 0.1.1 | 86.00 | 78.00 | 164.00 | NOTE | |
r-oldrel-macos-arm64 | 0.1.1 | 41.00 | NOTE | |||
r-oldrel-macos-x86_64 | 0.1.1 | 60.00 | NOTE | |||
r-oldrel-windows-x86_64 | 0.1.1 | 83.00 | 75.00 | 158.00 | NOTE |
Version: 0.1.1
Check: LazyData
Result: NOTE
'LazyData' is specified without a 'data' directory
Flavors: r-devel-linux-x86_64-debian-clang, r-devel-linux-x86_64-debian-gcc, r-devel-linux-x86_64-fedora-clang, r-devel-linux-x86_64-fedora-gcc, r-devel-windows-x86_64, r-patched-linux-x86_64, r-release-linux-x86_64, r-release-macos-arm64, r-release-macos-x86_64, r-release-windows-x86_64, r-oldrel-macos-arm64, r-oldrel-macos-x86_64, r-oldrel-windows-x86_64