CRAN Package Check Results for Package FastSF

Last updated on 2022-09-30 12:55:08 CEST.

Flavor Version Tinstall Tcheck Ttotal Status Flags
r-devel-linux-x86_64-debian-clang 0.1.1 84.39 35.11 119.50 NOTE
r-devel-linux-x86_64-debian-gcc 0.1.1 67.74 27.80 95.54 NOTE
r-devel-linux-x86_64-fedora-clang 0.1.1 191.72 NOTE
r-devel-linux-x86_64-fedora-gcc 0.1.1 163.45 NOTE
r-devel-windows-x86_64 0.1.1 65.00 84.00 149.00 NOTE
r-patched-linux-x86_64 0.1.1 64.52 34.18 98.70 NOTE
r-release-linux-x86_64 0.1.1 66.17 33.72 99.89 NOTE
r-release-macos-arm64 0.1.1 42.00 NOTE
r-release-macos-x86_64 0.1.1 60.00 NOTE
r-release-windows-x86_64 0.1.1 62.00 83.00 145.00 NOTE
r-oldrel-macos-arm64 0.1.1 48.00 NOTE
r-oldrel-macos-x86_64 0.1.1 74.00 NOTE
r-oldrel-windows-ix86+x86_64 0.1.1 207.00 93.00 300.00 NOTE

Check Details

Version: 0.1.1
Check: LazyData
Result: NOTE
     'LazyData' is specified without a 'data' directory
Flavors: r-devel-linux-x86_64-debian-clang, r-devel-linux-x86_64-debian-gcc, r-devel-linux-x86_64-fedora-clang, r-devel-linux-x86_64-fedora-gcc, r-devel-windows-x86_64, r-patched-linux-x86_64, r-release-linux-x86_64, r-release-macos-arm64, r-release-macos-x86_64, r-release-windows-x86_64, r-oldrel-macos-arm64, r-oldrel-macos-x86_64, r-oldrel-windows-ix86+x86_64