CRAN Package Check Results for Package FastPCS

Last updated on 2020-10-21 13:49:53 CEST.

Flavor Version Tinstall Tcheck Ttotal Status Flags
r-devel-linux-x86_64-debian-clang 0.1.3 19.87 20.81 40.68 OK
r-devel-linux-x86_64-debian-gcc 0.1.3 19.29 17.45 36.74 OK
r-devel-linux-x86_64-fedora-clang 0.1.3 69.22 NOTE
r-devel-linux-x86_64-fedora-gcc 0.1.3 57.87 OK
r-devel-windows-ix86+x86_64 0.1.3 48.00 62.00 110.00 OK
r-patched-linux-x86_64 0.1.3 22.29 21.08 43.37 OK
r-patched-solaris-x86 0.1.3 58.30 OK
r-release-linux-x86_64 0.1.3 23.45 21.05 44.50 OK
r-release-macos-x86_64 0.1.3 NOTE
r-release-windows-ix86+x86_64 0.1.3 35.00 59.00 94.00 OK
r-oldrel-macos-x86_64 0.1.3 NOTE
r-oldrel-windows-ix86+x86_64 0.1.3 40.00 45.00 85.00 OK

Check Details

Version: 0.1.3
Check: installed package size
Result: NOTE
     installed size is 8.5Mb
     sub-directories of 1Mb or more:
     libs 8.4Mb
Flavors: r-devel-linux-x86_64-fedora-clang, r-release-macos-x86_64, r-oldrel-macos-x86_64