CRAN Package Check Results for Package FastGP

Last updated on 2022-09-29 21:49:05 CEST.

Flavor Version Tinstall Tcheck Ttotal Status Flags
r-devel-linux-x86_64-debian-clang 1.2 51.55 31.45 83.00 OK
r-devel-linux-x86_64-debian-gcc 1.2 35.98 25.34 61.32 OK
r-devel-linux-x86_64-fedora-clang 1.2 126.95 NOTE
r-devel-linux-x86_64-fedora-gcc 1.2 110.27 NOTE
r-devel-windows-x86_64 1.2 37.00 77.00 114.00 OK
r-patched-linux-x86_64 1.2 41.25 31.69 72.94 OK
r-release-linux-x86_64 1.2 36.32 31.85 68.17 OK
r-release-macos-arm64 1.2 32.00 NOTE
r-release-macos-x86_64 1.2 42.00 NOTE
r-release-windows-x86_64 1.2 39.00 85.00 124.00 OK
r-oldrel-macos-arm64 1.2 42.00 NOTE
r-oldrel-macos-x86_64 1.2 55.00 NOTE
r-oldrel-windows-ix86+x86_64 1.2 114.00 80.00 194.00 OK

Check Details

Version: 1.2
Check: compiled code
Result: NOTE
    File ‘FastGP/libs/FastGP.so’:
     Found no calls to: ‘R_registerRoutines’, ‘R_useDynamicSymbols’
    
    It is good practice to register native routines and to disable symbol
    search.
    
    See ‘Writing portable packages’ in the ‘Writing R Extensions’ manual.
Flavors: r-devel-linux-x86_64-fedora-clang, r-devel-linux-x86_64-fedora-gcc

Version: 1.2
Check: installed package size
Result: NOTE
     installed size is 7.2Mb
     sub-directories of 1Mb or more:
     libs 6.8Mb
Flavors: r-release-macos-arm64, r-release-macos-x86_64, r-oldrel-macos-arm64, r-oldrel-macos-x86_64