CRAN Package Check Results for Package FarmTest

Last updated on 2022-09-29 00:52:48 CEST.

Flavor Version Tinstall Tcheck Ttotal Status Flags
r-devel-linux-x86_64-debian-clang 2.2.0 49.64 44.58 94.22 OK
r-devel-linux-x86_64-debian-gcc 2.2.0 41.20 31.16 72.36 OK
r-devel-linux-x86_64-fedora-clang 2.2.0 139.91 OK
r-devel-linux-x86_64-fedora-gcc 2.2.0 143.08 OK
r-devel-windows-x86_64 2.2.0 44.00 91.00 135.00 OK
r-patched-linux-x86_64 2.2.0 41.56 54.87 96.43 OK
r-release-linux-x86_64 2.2.0 39.96 53.44 93.40 OK
r-release-macos-arm64 2.2.0 35.00 OK
r-release-macos-x86_64 2.2.0 46.00 OK
r-release-windows-x86_64 2.2.0 44.00 91.00 135.00 OK
r-oldrel-macos-arm64 2.2.0 42.00 NOTE
r-oldrel-macos-x86_64 2.2.0 61.00 OK
r-oldrel-windows-ix86+x86_64 2.2.0 111.00 142.00 253.00 OK

Check Details

Version: 2.2.0
Check: installed package size
Result: NOTE
     installed size is 6.1Mb
     sub-directories of 1Mb or more:
     libs 5.9Mb
Flavor: r-oldrel-macos-arm64