CRAN Package Check Results for Package FactorsR

Last updated on 2022-06-26 00:51:36 CEST.

Flavor Version Tinstall Tcheck Ttotal Status Flags
r-devel-linux-x86_64-debian-clang 1.5 3.22 42.58 45.80 OK
r-devel-linux-x86_64-debian-gcc 1.5 3.19 34.09 37.28 OK
r-devel-linux-x86_64-fedora-clang 1.5 69.83 NOTE
r-devel-linux-x86_64-fedora-gcc 1.5 64.75 NOTE
r-devel-windows-x86_64 1.5 17.00 72.00 89.00 OK
r-patched-linux-x86_64 1.5 3.72 41.63 45.35 OK
r-release-linux-x86_64 1.5 2.84 43.54 46.38 OK
r-release-macos-arm64 1.5 20.00 NOTE
r-release-macos-x86_64 1.5 31.00 NOTE
r-release-windows-x86_64 1.5 16.00 70.00 86.00 OK
r-oldrel-macos-arm64 1.5 23.00 NOTE
r-oldrel-macos-x86_64 1.5 30.00 NOTE
r-oldrel-windows-ix86+x86_64 1.5 8.00 72.00 80.00 OK

Check Details

Version: 1.5
Check: Rd cross-references
Result: NOTE
    Undeclared package ‘SciViews’ in Rd xrefs
Flavor: r-devel-linux-x86_64-fedora-clang

Version: 1.5
Check: data for non-ASCII characters
Result: NOTE
     Note: found 5 marked Latin-1 strings
Flavors: r-devel-linux-x86_64-fedora-clang, r-devel-linux-x86_64-fedora-gcc, r-release-macos-arm64, r-release-macos-x86_64, r-oldrel-macos-arm64, r-oldrel-macos-x86_64