CRAN Package Check Results for Package FactoClass

Last updated on 2020-05-27 07:50:56 CEST.

Flavor Version Tinstall Tcheck Ttotal Status Flags
r-devel-linux-x86_64-debian-clang 1.2.7 10.55 61.59 72.14 NOTE
r-devel-linux-x86_64-debian-gcc 1.2.7 7.99 46.03 54.02 NOTE
r-devel-linux-x86_64-fedora-clang 1.2.7 87.30 NOTE
r-devel-linux-x86_64-fedora-gcc 1.2.7 79.63 NOTE
r-devel-windows-ix86+x86_64 1.2.7 31.00 131.00 162.00 OK
r-patched-linux-x86_64 1.2.7 8.74 60.27 69.01 NOTE
r-patched-solaris-x86 1.2.7 115.30 NOTE
r-release-linux-x86_64 1.2.7 9.31 59.71 69.02 NOTE
r-release-osx-x86_64 1.2.7 OK
r-release-windows-ix86+x86_64 1.2.7 31.00 138.00 169.00 OK
r-oldrel-osx-x86_64 1.2.7 OK
r-oldrel-windows-ix86+x86_64 1.2.7 21.00 100.00 121.00 OK

Check Details

Version: 1.2.7
Check: for non-standard things in the check directory
Result: NOTE
    Found the following files/directories:
     'Bogota.tex' 'DogBreeds1.tex'
Flavors: r-devel-linux-x86_64-debian-clang, r-devel-linux-x86_64-debian-gcc, r-devel-linux-x86_64-fedora-clang, r-devel-linux-x86_64-fedora-gcc, r-patched-linux-x86_64, r-patched-solaris-x86, r-release-linux-x86_64