Last updated on 2022-08-09 12:53:26 CEST.
Flavor | Version | Tinstall | Tcheck | Ttotal | Status | Flags |
---|---|---|---|---|---|---|
r-devel-linux-x86_64-debian-clang | 0.3.9 | 4.50 | 44.58 | 49.08 | OK | |
r-devel-linux-x86_64-debian-gcc | 0.3.9 | 4.07 | 35.82 | 39.89 | OK | |
r-devel-linux-x86_64-fedora-clang | 0.3.9 | 70.16 | NOTE | |||
r-devel-linux-x86_64-fedora-gcc | 0.3.9 | 67.43 | OK | |||
r-devel-windows-x86_64 | 0.3.9 | 125.00 | 87.00 | 212.00 | OK | |
r-patched-linux-x86_64 | 0.3.9 | 6.55 | 40.06 | 46.61 | OK | |
r-release-linux-x86_64 | 0.3.9 | OK | ||||
r-release-macos-arm64 | 0.3.9 | 23.00 | OK | |||
r-release-macos-x86_64 | 0.3.9 | 33.00 | OK | |||
r-release-windows-x86_64 | 0.3.9 | 37.00 | 82.00 | 119.00 | OK | |
r-oldrel-macos-arm64 | 0.3.9 | 18.00 | OK | |||
r-oldrel-macos-x86_64 | 0.3.9 | 33.00 | OK | |||
r-oldrel-windows-ix86+x86_64 | 0.3.9 | 12.00 | 65.00 | 77.00 | OK |
Version: 0.3.9
Check: Rd cross-references
Result: NOTE
Undeclared package ‘FSA’ in Rd xrefs
Flavor: r-devel-linux-x86_64-fedora-clang