CRAN Package Check Results for Package FRESHD

Last updated on 2022-10-02 00:55:08 CEST.

Flavor Version Tinstall Tcheck Ttotal Status Flags
r-devel-linux-x86_64-debian-clang 1.0 61.41 40.81 102.22 OK
r-devel-linux-x86_64-debian-gcc 1.0 51.34 33.63 84.97 OK
r-devel-linux-x86_64-fedora-clang 1.0 149.42 OK
r-devel-linux-x86_64-fedora-gcc 1.0 144.74 OK
r-devel-windows-x86_64 1.0 50.00 93.00 143.00 OK
r-patched-linux-x86_64 1.0 59.46 41.39 100.85 OK
r-release-linux-x86_64 1.0 55.88 41.72 97.60 OK
r-release-macos-arm64 1.0 44.00 NOTE
r-release-macos-x86_64 1.0 54.00 NOTE
r-release-windows-x86_64 1.0 52.00 94.00 146.00 OK
r-oldrel-macos-arm64 1.0 50.00 NOTE
r-oldrel-macos-x86_64 1.0 53.00 NOTE
r-oldrel-windows-ix86+x86_64 1.0 142.00 121.00 263.00 OK

Check Details

Version: 1.0
Check: installed package size
Result: NOTE
     installed size is 8.3Mb
     sub-directories of 1Mb or more:
     libs 8.2Mb
Flavors: r-release-macos-arm64, r-release-macos-x86_64, r-oldrel-macos-arm64, r-oldrel-macos-x86_64