CRAN Package Check Results for Package FNN

Last updated on 2020-07-14 13:51:07 CEST.

Flavor Version Tinstall Tcheck Ttotal Status Flags
r-devel-linux-x86_64-debian-clang 1.1.3 39.69 23.28 62.97 OK
r-devel-linux-x86_64-debian-gcc 1.1.3 26.21 18.09 44.30 OK
r-devel-linux-x86_64-fedora-clang 1.1.3 106.29 OK
r-devel-linux-x86_64-fedora-gcc 1.1.3 74.46 OK
r-devel-windows-ix86+x86_64 1.1.3 111.00 66.00 177.00 OK
r-patched-linux-x86_64 1.1.3 26.34 22.94 49.28 OK
r-patched-solaris-x86 1.1.3 119.60 OK
r-release-linux-x86_64 1.1.3 27.41 23.52 50.93 OK
r-release-macos-x86_64 1.1.3 ERROR
r-release-windows-ix86+x86_64 1.1.3 108.00 54.00 162.00 OK
r-oldrel-macos-x86_64 1.1.3 OK
r-oldrel-windows-ix86+x86_64 1.1.3 86.00 70.00 156.00 OK

Check Details

Version: 1.1.3
Check: whether package can be installed
Result: ERROR
    Installation failed.
Flavor: r-release-macos-x86_64