CRAN Package Check Results for Package FLR

Last updated on 2023-10-02 19:11:09 CEST.

Flavor Version Tinstall Tcheck Ttotal Status Flags
r-devel-linux-x86_64-debian-clang 1.0 2.47 25.29 27.76 NOTE
r-devel-linux-x86_64-debian-gcc 1.0 2.29 19.45 21.74 NOTE
r-devel-linux-x86_64-fedora-clang 1.0 36.75 NOTE
r-devel-linux-x86_64-fedora-gcc 1.0 33.25 NOTE
r-devel-windows-x86_64 1.0 3.00 47.00 50.00 NOTE
r-patched-linux-x86_64 1.0 3.10 24.62 27.72 NOTE
r-release-linux-x86_64 1.0 2.84 24.44 27.28 NOTE
r-release-macos-arm64 1.0 17.00 NOTE
r-release-macos-x86_64 1.0 20.00 NOTE
r-release-windows-x86_64 1.0 3.00 51.00 54.00 NOTE
r-oldrel-macos-arm64 1.0 16.00 NOTE
r-oldrel-macos-x86_64 1.0 22.00 NOTE
r-oldrel-windows-x86_64 1.0 6.00 50.00 56.00 NOTE

Check Details

Version: 1.0
Check: DESCRIPTION meta-information
Result: NOTE
    Malformed Description field: should contain one or more complete sentences.
Flavors: r-devel-linux-x86_64-debian-clang, r-devel-linux-x86_64-debian-gcc, r-devel-linux-x86_64-fedora-clang, r-devel-linux-x86_64-fedora-gcc, r-devel-windows-x86_64, r-patched-linux-x86_64, r-release-linux-x86_64, r-release-macos-arm64, r-release-macos-x86_64, r-release-windows-x86_64, r-oldrel-macos-arm64, r-oldrel-macos-x86_64, r-oldrel-windows-x86_64