CRAN Package Check Results for Package FLR

Last updated on 2022-10-05 00:52:41 CEST.

Flavor Version Tinstall Tcheck Ttotal Status Flags
r-devel-linux-x86_64-debian-clang 1.0 2.32 25.74 28.06 NOTE
r-devel-linux-x86_64-debian-gcc 1.0 2.15 19.95 22.10 NOTE
r-devel-linux-x86_64-fedora-clang 1.0 46.36 NOTE
r-devel-linux-x86_64-fedora-gcc 1.0 44.38 NOTE
r-devel-windows-x86_64 1.0 12.00 54.00 66.00 NOTE
r-patched-linux-x86_64 1.0 2.84 24.66 27.50 NOTE
r-release-linux-x86_64 1.0 2.43 24.95 27.38 NOTE
r-release-macos-arm64 1.0 17.00 NOTE
r-release-macos-x86_64 1.0 22.00 NOTE
r-release-windows-x86_64 1.0 6.00 50.00 56.00 NOTE
r-oldrel-macos-arm64 1.0 21.00 NOTE
r-oldrel-macos-x86_64 1.0 25.00 NOTE
r-oldrel-windows-ix86+x86_64 1.0 5.00 42.00 47.00 NOTE

Check Details

Version: 1.0
Check: DESCRIPTION meta-information
Result: NOTE
    Malformed Description field: should contain one or more complete sentences.
Flavors: r-devel-linux-x86_64-debian-clang, r-devel-linux-x86_64-debian-gcc, r-devel-linux-x86_64-fedora-clang, r-devel-linux-x86_64-fedora-gcc, r-devel-windows-x86_64, r-patched-linux-x86_64, r-release-linux-x86_64, r-release-macos-arm64, r-release-macos-x86_64, r-release-windows-x86_64, r-oldrel-macos-arm64, r-oldrel-macos-x86_64, r-oldrel-windows-ix86+x86_64