CRAN Package Check Results for Package FKF.SP

Last updated on 2022-10-02 06:52:09 CEST.

Flavor Version Tinstall Tcheck Ttotal Status Flags
r-devel-linux-x86_64-debian-clang 0.2.0 3.51 52.26 55.77 OK
r-devel-linux-x86_64-debian-gcc 0.2.0 2.35 41.14 43.49 OK
r-devel-linux-x86_64-fedora-clang 0.2.0 80.85 NOTE
r-devel-linux-x86_64-fedora-gcc 0.2.0 78.42 NOTE
r-devel-windows-x86_64 0.2.0 13.00 83.00 96.00 OK
r-patched-linux-x86_64 0.2.0 3.52 50.69 54.21 OK
r-release-linux-x86_64 0.2.0 3.42 49.67 53.09 OK
r-release-macos-arm64 0.2.0 29.00 NOTE
r-release-macos-x86_64 0.2.0 33.00 NOTE
r-release-windows-x86_64 0.2.0 10.00 85.00 95.00 OK
r-oldrel-macos-arm64 0.2.0 25.00 NOTE
r-oldrel-macos-x86_64 0.2.0 32.00 NOTE
r-oldrel-windows-ix86+x86_64 0.2.0 11.00 81.00 92.00 OK

Check Details

Version: 0.2.0
Check: dependencies in R code
Result: NOTE
    Namespaces in Imports field not imported from:
     ‘Rdpack’ ‘curl’ ‘mathjaxr’
     All declared Imports should be used.
Flavors: r-devel-linux-x86_64-fedora-clang, r-devel-linux-x86_64-fedora-gcc, r-release-macos-arm64, r-release-macos-x86_64, r-oldrel-macos-arm64, r-oldrel-macos-x86_64