CRAN Package Check Results for Package FIT

Last updated on 2022-10-06 21:49:52 CEST.

Flavor Version Tinstall Tcheck Ttotal Status Flags
r-devel-linux-x86_64-debian-clang 0.0.6 45.13 108.21 153.34 NOTE
r-devel-linux-x86_64-debian-gcc 0.0.6 37.81 46.81 84.62 ERROR
r-devel-linux-x86_64-fedora-clang 0.0.6 153.87 ERROR
r-devel-linux-x86_64-fedora-gcc 0.0.6 144.90 ERROR
r-devel-windows-x86_64 0.0.6 94.00 114.00 208.00 ERROR
r-patched-linux-x86_64 0.0.6 34.98 103.39 138.37 NOTE
r-release-linux-x86_64 0.0.6 39.84 101.55 141.39 NOTE
r-release-macos-arm64 0.0.6 55.00 NOTE
r-release-macos-x86_64 0.0.6 68.00 NOTE
r-release-windows-x86_64 0.0.6 112.00 149.00 261.00 NOTE
r-oldrel-macos-arm64 0.0.6 61.00 NOTE
r-oldrel-macos-x86_64 0.0.6 100.00 NOTE
r-oldrel-windows-ix86+x86_64 0.0.6 100.00 173.00 273.00 NOTE

Check Details

Version: 0.0.6
Check: LazyData
Result: NOTE
     'LazyData' is specified without a 'data' directory
Flavors: r-devel-linux-x86_64-debian-clang, r-devel-linux-x86_64-debian-gcc, r-devel-linux-x86_64-fedora-clang, r-devel-linux-x86_64-fedora-gcc, r-devel-windows-x86_64, r-patched-linux-x86_64, r-release-linux-x86_64, r-release-macos-arm64, r-release-macos-x86_64, r-release-windows-x86_64, r-oldrel-macos-arm64, r-oldrel-macos-x86_64, r-oldrel-windows-ix86+x86_64

Version: 0.0.6
Check: re-building of vignette outputs
Result: ERROR
    Error(s) in re-building vignettes:
     ...
    --- re-building ‘FIT.Rmd’ using rmarkdown
    Quitting from lines 221-224 (FIT.Rmd)
    Error: processing vignette ‘FIT.Rmd’ failed with diagnostics:
    unused argument (origin = "1970-1-1")
    --- failed re-building ‘FIT.Rmd’
    
    SUMMARY: processing the following file failed:
     ‘FIT.Rmd’
    
    Error: Vignette re-building failed.
    Execution halted
Flavor: r-devel-linux-x86_64-debian-gcc

Version: 0.0.6
Check: dependencies in R code
Result: NOTE
    Namespaces in Imports field not imported from:
     ‘MASS’ ‘XML’ ‘gglasso’ ‘methods’
     All declared Imports should be used.
Flavors: r-devel-linux-x86_64-fedora-clang, r-devel-linux-x86_64-fedora-gcc, r-release-macos-arm64, r-release-macos-x86_64, r-oldrel-macos-arm64, r-oldrel-macos-x86_64

Version: 0.0.6
Check: re-building of vignette outputs
Result: ERROR
    Error(s) in re-building vignettes:
    --- re-building ‘FIT.Rmd’ using rmarkdown
    Quitting from lines 221-224 (FIT.Rmd)
    Error: processing vignette 'FIT.Rmd' failed with diagnostics:
    unused argument (origin = "1970-1-1")
    --- failed re-building ‘FIT.Rmd’
    
    SUMMARY: processing the following file failed:
     ‘FIT.Rmd’
    
    Error: Vignette re-building failed.
    Execution halted
Flavors: r-devel-linux-x86_64-fedora-clang, r-devel-linux-x86_64-fedora-gcc, r-devel-windows-x86_64

Version: 0.0.6
Check: installed package size
Result: NOTE
     installed size is 9.9Mb
     sub-directories of 1Mb or more:
     libs 9.0Mb
Flavors: r-release-macos-arm64, r-release-macos-x86_64, r-oldrel-macos-arm64, r-oldrel-macos-x86_64