CRAN Package Check Results for Package FIESTA

Last updated on 2022-10-05 00:52:41 CEST.

Flavor Version Tinstall Tcheck Ttotal Status Flags
r-devel-linux-x86_64-debian-clang 3.4.2 51.08 499.75 550.83 OK
r-devel-linux-x86_64-debian-gcc 3.4.2 32.67 377.57 410.24 OK
r-devel-linux-x86_64-fedora-clang 3.4.2 595.62 NOTE
r-devel-linux-x86_64-fedora-gcc 3.4.2 582.63 OK
r-devel-windows-x86_64 3.4.2 90.00 448.00 538.00 NOTE
r-patched-linux-x86_64 3.4.2 45.78 432.60 478.38 OK
r-release-linux-x86_64 3.4.2 44.00 436.14 480.14 OK
r-release-macos-arm64 3.4.2 140.00 NOTE
r-release-macos-x86_64 3.4.2 184.00 NOTE
r-release-windows-x86_64 3.4.2 95.00 440.00 535.00 NOTE
r-oldrel-macos-arm64 3.4.2 145.00 NOTE
r-oldrel-macos-x86_64 3.4.2 190.00 NOTE
r-oldrel-windows-ix86+x86_64 3.4.2 79.00 449.00 528.00 NOTE

Check Details

Version: 3.4.2
Check: installed package size
Result: NOTE
     installed size is 9.9Mb
     sub-directories of 1Mb or more:
     R 4.3Mb
     doc 2.2Mb
     extdata 2.1Mb
Flavors: r-devel-linux-x86_64-fedora-clang, r-devel-windows-x86_64, r-release-macos-arm64, r-release-macos-x86_64, r-release-windows-x86_64, r-oldrel-macos-arm64, r-oldrel-macos-x86_64, r-oldrel-windows-ix86+x86_64