Last updated on 2023-03-31 12:54:11 CEST.
Flavor | Version | Tinstall | Tcheck | Ttotal | Status | Flags |
---|---|---|---|---|---|---|
r-devel-linux-x86_64-debian-clang | 1.5 | 8.41 | 87.85 | 96.26 | OK | |
r-devel-linux-x86_64-debian-gcc | 1.5 | 7.93 | 66.16 | 74.09 | OK | |
r-devel-linux-x86_64-fedora-clang | 1.5 | 125.45 | NOTE | |||
r-devel-linux-x86_64-fedora-gcc | 1.5 | 116.03 | OK | |||
r-devel-windows-x86_64 | 1.5 | 22.00 | 0.00 | 22.00 | OK | |
r-patched-linux-x86_64 | 1.5 | 8.44 | 84.28 | 92.72 | OK | |
r-release-linux-x86_64 | 1.5 | 10.12 | 84.66 | 94.78 | OK | |
r-release-macos-arm64 | 1.5 | 38.00 | OK | |||
r-release-macos-x86_64 | 1.5 | 52.00 | OK | |||
r-release-windows-x86_64 | 1.5 | 19.00 | 120.00 | 139.00 | OK | |
r-oldrel-macos-arm64 | 1.5 | 49.00 | OK | |||
r-oldrel-macos-x86_64 | 1.5 | 74.00 | OK | |||
r-oldrel-windows-ix86+x86_64 | 1.5 | 20.00 | 112.00 | 132.00 | OK |
Version: 1.5
Check: Rd cross-references
Result: NOTE
Undeclared packages ‘MLEcens’, ‘Icens’ in Rd xrefs
Flavor: r-devel-linux-x86_64-fedora-clang