CRAN Package Check Results for Package FD

Last updated on 2024-06-17 00:49:58 CEST.

Flavor Version Tinstall Tcheck Ttotal Status Flags
r-devel-linux-x86_64-debian-clang 1.0-12.3 11.13 107.89 119.02 NOTE
r-devel-linux-x86_64-debian-gcc 1.0-12.3 10.03 80.28 90.31 NOTE
r-devel-linux-x86_64-fedora-clang 1.0-12.3 145.04 NOTE
r-devel-linux-x86_64-fedora-gcc 1.0-12.3 138.53 NOTE
r-devel-windows-x86_64 1.0-12.3 13.00 95.00 108.00 OK
r-patched-linux-x86_64 1.0-12.3 9.04 101.36 110.40 NOTE
r-release-linux-x86_64 1.0-12.3 9.90 103.80 113.70 NOTE
r-release-macos-arm64 1.0-12.3 45.00 OK
r-release-macos-x86_64 1.0-12.3 62.00 OK
r-release-windows-x86_64 1.0-12.3 12.00 110.00 122.00 OK
r-oldrel-macos-arm64 1.0-12.3 51.00 OK
r-oldrel-macos-x86_64 1.0-12.3 123.00 OK
r-oldrel-windows-x86_64 1.0-12.3 16.00 116.00 132.00 OK

Check Details

Version: 1.0-12.3
Check: for non-standard things in the check directory
Result: NOTE Found the following files/directories: ‘vert.txt’ Flavors: r-devel-linux-x86_64-debian-clang, r-devel-linux-x86_64-debian-gcc, r-devel-linux-x86_64-fedora-clang, r-devel-linux-x86_64-fedora-gcc, r-patched-linux-x86_64, r-release-linux-x86_64

Version: 1.0-12.3
Check: compiled code
Result: NOTE File ‘FD/libs/FD.so’: Found no calls to: ‘R_registerRoutines’, ‘R_useDynamicSymbols’ It is good practice to register native routines and to disable symbol search. See ‘Writing portable packages’ in the ‘Writing R Extensions’ manual. Flavors: r-devel-linux-x86_64-fedora-clang, r-devel-linux-x86_64-fedora-gcc