CRAN Package Check Results for Package FAOSTAT

Last updated on 2020-10-30 01:48:31 CET.

Flavor Version Tinstall Tcheck Ttotal Status Flags
r-devel-linux-x86_64-debian-clang 2.1.2 7.72 61.98 69.70 OK
r-devel-linux-x86_64-debian-gcc 2.1.2 5.10 47.52 52.62 OK
r-devel-linux-x86_64-fedora-clang 2.1.2 92.88 NOTE
r-devel-linux-x86_64-fedora-gcc 2.1.2 92.09 NOTE
r-devel-windows-ix86+x86_64 2.1.2 16.00 93.00 109.00 OK
r-patched-linux-x86_64 2.1.2 7.05 59.00 66.05 OK
r-patched-solaris-x86 2.1.2 112.70 NOTE
r-release-linux-x86_64 2.1.2 6.94 56.95 63.89 OK
r-release-macos-x86_64 2.1.2 NOTE
r-release-windows-ix86+x86_64 2.1.2 13.00 70.00 83.00 OK
r-oldrel-macos-x86_64 2.1.2 NOTE
r-oldrel-windows-ix86+x86_64 2.1.2 14.00 85.00 99.00 OK

Check Details

Version: 2.1.2
Check: data for non-ASCII characters
Result: NOTE
     Note: found 179 marked UTF-8 strings
Flavors: r-devel-linux-x86_64-fedora-clang, r-devel-linux-x86_64-fedora-gcc, r-patched-solaris-x86, r-release-macos-x86_64, r-oldrel-macos-x86_64