CRAN Package Check Results for Package FAMoS

Last updated on 2023-01-30 12:55:17 CET.

Flavor Version Tinstall Tcheck Ttotal Status Flags
r-devel-linux-x86_64-debian-clang 0.3.0 4.11 39.80 43.91 OK
r-devel-linux-x86_64-debian-gcc 0.3.0 3.35 30.03 33.38 OK
r-devel-linux-x86_64-fedora-clang 0.3.0 56.95 OK
r-devel-linux-x86_64-fedora-gcc 0.3.0 64.77 OK
r-devel-windows-x86_64 0.3.0 71.00 77.00 148.00 OK
r-patched-linux-x86_64 0.3.0 7.36 38.45 45.81 OK
r-release-linux-x86_64 0.3.0 4.06 37.37 41.43 OK
r-release-macos-arm64 0.3.0 24.00 OK
r-release-macos-x86_64 0.3.0 29.00 OK
r-release-windows-x86_64 0.3.0 103.00 76.00 179.00 OK
r-oldrel-macos-arm64 0.3.0 27.00 OK
r-oldrel-macos-x86_64 0.3.0 35.00 OK
r-oldrel-windows-ix86+x86_64 0.3.0 8.00 66.00 74.00 WARN

Check Details

Version: 0.3.0
Check: re-building of vignette outputs
Result: WARN
    Error(s) in re-building vignettes:
    --- re-building 'FAMoS-EvaluationFunctions.Rmd' using rmarkdown
    Error: processing vignette 'FAMoS-EvaluationFunctions.Rmd' failed with diagnostics:
    object 'preview_math' not found
    --- failed re-building 'FAMoS-EvaluationFunctions.Rmd'
    
    --- re-building 'FAMoS-Examples.Rmd' using rmarkdown
    Error: processing vignette 'FAMoS-Examples.Rmd' failed with diagnostics:
    object 'preview_math' not found
    --- failed re-building 'FAMoS-Examples.Rmd'
    
    SUMMARY: processing the following files failed:
     'FAMoS-EvaluationFunctions.Rmd' 'FAMoS-Examples.Rmd'
    
    Error: Vignette re-building failed.
    Execution halted
Flavor: r-oldrel-windows-ix86+x86_64