CRAN Package Check Results for Package FAIRmaterials

Last updated on 2022-10-06 01:49:46 CEST.

Flavor Version Tinstall Tcheck Ttotal Status Flags
r-devel-linux-x86_64-debian-clang 0.0.2 4.56 50.87 55.43 OK
r-devel-linux-x86_64-debian-gcc 0.0.2 3.14 37.91 41.05 OK
r-devel-linux-x86_64-fedora-clang 0.0.2 76.27 NOTE
r-devel-linux-x86_64-fedora-gcc 0.0.2 73.72 NOTE
r-devel-windows-x86_64 0.0.2 16.00 74.00 90.00 OK
r-patched-linux-x86_64 0.0.2 4.72 48.14 52.86 OK
r-release-linux-x86_64 0.0.2 3.96 46.35 50.31 OK
r-release-macos-arm64 0.0.2 22.00 NOTE
r-release-macos-x86_64 0.0.2 42.00 NOTE
r-release-windows-x86_64 0.0.2 28.00 75.00 103.00 OK
r-oldrel-macos-arm64 0.0.2 21.00 NOTE
r-oldrel-macos-x86_64 0.0.2 29.00 NOTE
r-oldrel-windows-ix86+x86_64 0.0.2 13.00 72.00 85.00 OK

Check Details

Version: 0.0.2
Check: dependencies in R code
Result: NOTE
    Namespace in Imports field not imported from: ‘stringr’
     All declared Imports should be used.
Flavors: r-devel-linux-x86_64-fedora-clang, r-devel-linux-x86_64-fedora-gcc, r-release-macos-arm64, r-release-macos-x86_64, r-oldrel-macos-arm64, r-oldrel-macos-x86_64