CRAN Package Check Results for Package ExomeDepth

Last updated on 2020-10-28 19:47:45 CET.

Flavor Version Tinstall Tcheck Ttotal Status Flags
r-devel-linux-x86_64-debian-clang 1.1.15 38.70 312.59 351.29 OK
r-devel-linux-x86_64-debian-gcc 1.1.15 34.48 233.76 268.24 OK
r-devel-linux-x86_64-fedora-clang 1.1.15 458.84 OK
r-devel-linux-x86_64-fedora-gcc 1.1.15 448.07 OK
r-devel-windows-ix86+x86_64 1.1.15 99.00 438.00 537.00 OK
r-patched-linux-x86_64 1.1.15 OK
r-patched-solaris-x86 1.1.15 588.10 OK
r-release-linux-x86_64 1.1.15 40.71 281.00 321.71 OK
r-release-macos-x86_64 1.1.15 WARN
r-release-windows-ix86+x86_64 1.1.15 77.00 322.00 399.00 OK
r-oldrel-macos-x86_64 1.1.15 ERROR
r-oldrel-windows-ix86+x86_64 1.1.15 92.00 406.00 498.00 OK

Check Details

Version: 1.1.15
Check: whether package can be installed
Result: WARN
    Found the following significant warnings:
     VP_psi.c:843:8: warning: 'gsl_finite' is deprecated: first deprecated in macOS 10.9 [-Wdeprecated-declarations]
     VP_psi.c:843:41: warning: 'gsl_finite' is deprecated: first deprecated in macOS 10.9 [-Wdeprecated-declarations]
Flavor: r-release-macos-x86_64

Version: 1.1.15
Check: whether package can be installed
Result: ERROR
    Installation failed.
Flavor: r-oldrel-macos-x86_64