CRAN Package Check Results for Package EventStudy

Last updated on 2020-09-21 07:56:00 CEST.

Flavor Version Tinstall Tcheck Ttotal Status Flags
r-devel-linux-x86_64-debian-clang 0.36 14.81 73.90 88.71 OK
r-devel-linux-x86_64-debian-gcc 0.36 11.46 56.28 67.74 OK
r-devel-linux-x86_64-fedora-clang 0.36 121.39 NOTE
r-devel-linux-x86_64-fedora-gcc 0.36 107.49 NOTE
r-devel-windows-ix86+x86_64 0.36 31.00 106.00 137.00 NOTE
r-patched-linux-x86_64 0.36 12.85 72.38 85.23 OK
r-patched-solaris-x86 0.36 146.20 NOTE
r-release-linux-x86_64 0.36 13.83 72.00 85.83 OK
r-release-macos-x86_64 0.36 NOTE
r-release-windows-ix86+x86_64 0.36 30.00 106.00 136.00 NOTE
r-oldrel-macos-x86_64 0.36 NOTE
r-oldrel-windows-ix86+x86_64 0.36 17.00 78.00 95.00 NOTE

Check Details

Version: 0.36
Check: installed package size
Result: NOTE
     installed size is 5.9Mb
     sub-directories of 1Mb or more:
     doc 5.0Mb
Flavors: r-devel-linux-x86_64-fedora-clang, r-devel-windows-ix86+x86_64, r-patched-solaris-x86, r-release-macos-x86_64, r-release-windows-ix86+x86_64, r-oldrel-macos-x86_64, r-oldrel-windows-ix86+x86_64

Version: 0.36
Check: dependencies in R code
Result: NOTE
    Namespaces in Imports field not imported from:
     ‘curl’ ‘openxlsx’ ‘stringr’
     All declared Imports should be used.
Flavors: r-devel-linux-x86_64-fedora-clang, r-devel-linux-x86_64-fedora-gcc, r-patched-solaris-x86, r-release-macos-x86_64, r-oldrel-macos-x86_64

Version: 0.36
Check: Rd cross-references
Result: NOTE
    Undeclared package ‘R6’ in Rd xrefs
Flavor: r-devel-linux-x86_64-fedora-clang