CRAN Package Check Results for Package EstimationTools

Last updated on 2024-06-20 06:57:11 CEST.

Flavor Version Tinstall Tcheck Ttotal Status Flags
r-devel-linux-x86_64-debian-clang 4.0.0 14.72 257.85 272.57 NOTE
r-devel-linux-x86_64-debian-gcc 4.0.0 11.21 198.50 209.71 NOTE
r-devel-linux-x86_64-fedora-clang 4.0.0 353.63 NOTE
r-devel-linux-x86_64-fedora-gcc 4.0.0 398.59 NOTE
r-devel-windows-x86_64 4.0.0 13.00 245.00 258.00 NOTE
r-patched-linux-x86_64 4.0.0 19.53 243.97 263.50 NOTE
r-release-linux-x86_64 4.0.0 12.16 244.31 256.47 NOTE
r-release-macos-arm64 4.0.0 92.00 NOTE
r-release-macos-x86_64 4.0.0 165.00 NOTE
r-release-windows-x86_64 4.0.0 14.00 77.00 91.00 FAIL
r-oldrel-macos-arm64 4.0.0 117.00 OK
r-oldrel-macos-x86_64 4.0.0 182.00 OK
r-oldrel-windows-x86_64 4.0.0 16.00 319.00 335.00 OK

Check Details

Version: 4.0.0
Check: Rd files
Result: NOTE checkRd: (-1) integration.Rd:37-38: Lost braces in \itemize; meant \describe ? checkRd: (-1) integration.Rd:39: Lost braces in \itemize; meant \describe ? checkRd: (-1) integration.Rd:40: Lost braces in \itemize; meant \describe ? checkRd: (-1) integration.Rd:41-42: Lost braces in \itemize; meant \describe ? checkRd: (-1) loess.options.Rd:25-26: Lost braces in \itemize; meant \describe ? checkRd: (-1) loess.options.Rd:27-28: Lost braces in \itemize; meant \describe ? checkRd: (-1) maxlogLreg.Rd:138: Lost braces; missing escapes or markup? 138 | $j^{th}$ for all the observations. | ^ Flavors: r-devel-linux-x86_64-debian-clang, r-devel-linux-x86_64-debian-gcc, r-devel-linux-x86_64-fedora-clang, r-devel-linux-x86_64-fedora-gcc, r-devel-windows-x86_64, r-patched-linux-x86_64, r-release-linux-x86_64, r-release-macos-arm64, r-release-macos-x86_64, r-release-windows-x86_64

Version: 4.0.0
Check: files in ‘vignettes’
Result: FAIL
Flavor: r-release-windows-x86_64