CRAN Package Check Results for Package EstHer

Last updated on 2022-10-04 07:49:46 CEST.

Flavor Version Tinstall Tcheck Ttotal Status Flags
r-devel-linux-x86_64-debian-clang 1.0 38.83 84.72 123.55 OK
r-devel-linux-x86_64-debian-gcc 1.0 26.81 64.80 91.61 OK
r-devel-linux-x86_64-fedora-clang 1.0 164.86 NOTE
r-devel-linux-x86_64-fedora-gcc 1.0 159.62 NOTE
r-devel-windows-x86_64 1.0 30.00 129.00 159.00 OK
r-patched-linux-x86_64 1.0 29.33 81.75 111.08 OK
r-release-linux-x86_64 1.0 27.65 80.79 108.44 OK
r-release-macos-arm64 1.0 44.00 OK
r-release-macos-x86_64 1.0 59.00 OK
r-release-windows-x86_64 1.0 35.00 136.00 171.00 OK
r-oldrel-macos-arm64 1.0 54.00 OK
r-oldrel-macos-x86_64 1.0 62.00 OK
r-oldrel-windows-ix86+x86_64 1.0 84.00 154.00 238.00 OK

Check Details

Version: 1.0
Check: compiled code
Result: NOTE
    File ‘EstHer/libs/EstHer.so’:
     Found no calls to: ‘R_registerRoutines’, ‘R_useDynamicSymbols’
    
    It is good practice to register native routines and to disable symbol
    search.
    
    See ‘Writing portable packages’ in the ‘Writing R Extensions’ manual.
Flavors: r-devel-linux-x86_64-fedora-clang, r-devel-linux-x86_64-fedora-gcc