CRAN Package Check Results for Package EpiCurve

Last updated on 2020-05-27 07:50:56 CEST.

Flavor Version Tinstall Tcheck Ttotal Status Flags
r-devel-linux-x86_64-debian-clang 2.3-1 5.96 71.99 77.95 OK
r-devel-linux-x86_64-debian-gcc 2.3-1 5.28 53.89 59.17 OK
r-devel-linux-x86_64-fedora-clang 2.3-1 100.08 NOTE
r-devel-linux-x86_64-fedora-gcc 2.3-1 90.98 NOTE
r-devel-windows-ix86+x86_64 2.3-1 19.00 111.00 130.00 OK
r-patched-linux-x86_64 2.3-1 6.73 71.53 78.26 OK
r-patched-solaris-x86 2.3-1 117.20 NOTE
r-release-linux-x86_64 2.3-1 6.50 68.52 75.02 OK
r-release-osx-x86_64 2.3-1 NOTE
r-release-windows-ix86+x86_64 2.3-1 15.00 121.00 136.00 OK
r-oldrel-osx-x86_64 2.3-1 NOTE
r-oldrel-windows-ix86+x86_64 2.3-1 12.00 86.00 98.00 OK

Check Details

Version: 2.3-1
Check: dependencies in R code
Result: NOTE
    Namespace in Imports field not imported from: ‘tibble’
     All declared Imports should be used.
Flavors: r-devel-linux-x86_64-fedora-clang, r-devel-linux-x86_64-fedora-gcc, r-patched-solaris-x86, r-release-osx-x86_64, r-oldrel-osx-x86_64