CRAN Package Check Results for Package EnvStats

Last updated on 2020-10-29 13:48:43 CET.

Flavor Version Tinstall Tcheck Ttotal Status Flags
r-devel-linux-x86_64-debian-clang 2.4.0 65.86 456.00 521.86 OK
r-devel-linux-x86_64-debian-gcc 2.4.0 53.13 325.42 378.55 OK
r-devel-linux-x86_64-fedora-clang 2.4.0 625.52 NOTE
r-devel-linux-x86_64-fedora-gcc 2.4.0 673.74 OK
r-devel-windows-ix86+x86_64 2.4.0 103.00 502.00 605.00 NOTE
r-patched-linux-x86_64 2.4.0 67.28 417.72 485.00 OK
r-patched-solaris-x86 2.4.0 670.70 NOTE
r-release-linux-x86_64 2.4.0 63.73 419.46 483.19 OK
r-release-macos-x86_64 2.4.0 NOTE
r-release-windows-ix86+x86_64 2.4.0 74.00 394.00 468.00 NOTE
r-oldrel-macos-x86_64 2.4.0 NOTE
r-oldrel-windows-ix86+x86_64 2.4.0 77.00 374.00 451.00 NOTE

Check Details

Version: 2.4.0
Check: installed package size
Result: NOTE
     installed size is 6.4Mb
     sub-directories of 1Mb or more:
     R 2.3Mb
     help 3.4Mb
Flavors: r-devel-linux-x86_64-fedora-clang, r-devel-windows-ix86+x86_64, r-patched-solaris-x86, r-release-macos-x86_64, r-release-windows-ix86+x86_64, r-oldrel-macos-x86_64, r-oldrel-windows-ix86+x86_64

Version: 2.4.0
Check: Rd cross-references
Result: NOTE
    Undeclared package ‘Hmisc’ in Rd xrefs
Flavor: r-devel-linux-x86_64-fedora-clang