CRAN Package Check Results for Package EmissV

Last updated on 2022-09-27 12:52:50 CEST.

Flavor Version Tinstall Tcheck Ttotal Status Flags
r-devel-linux-x86_64-debian-clang 0.665.6.3 31.40 422.59 453.99 NOTE
r-devel-linux-x86_64-debian-gcc 0.665.6.3 25.54 308.21 333.75 NOTE
r-devel-linux-x86_64-fedora-clang 0.665.6.3 565.06 NOTE
r-devel-linux-x86_64-fedora-gcc 0.665.6.3 529.07 NOTE
r-devel-windows-x86_64 0.665.6.3 39.00 443.00 482.00 OK
r-patched-linux-x86_64 0.665.6.3 28.38 405.31 433.69 NOTE
r-release-linux-x86_64 0.665.6.3 31.45 406.37 437.82 NOTE
r-release-macos-arm64 0.665.6.3 97.00 OK
r-release-macos-x86_64 0.665.6.3 157.00 OK
r-release-windows-x86_64 0.665.6.3 35.00 438.00 473.00 OK
r-oldrel-macos-arm64 0.665.6.3 101.00 OK
r-oldrel-macos-x86_64 0.665.6.3 154.00 OK
r-oldrel-windows-ix86+x86_64 0.665.6.3 72.00 425.00 497.00 OK

Check Details

Version: 0.665.6.3
Check: package dependencies
Result: NOTE
    Package suggested but not available for checking: 'osmar'
Flavors: r-devel-linux-x86_64-debian-clang, r-devel-linux-x86_64-debian-gcc, r-devel-linux-x86_64-fedora-clang, r-devel-linux-x86_64-fedora-gcc, r-patched-linux-x86_64, r-release-linux-x86_64