CRAN Package Check Results for Package EditImputeCont

Last updated on 2020-10-26 13:46:56 CET.

Flavor Version Tinstall Tcheck Ttotal Status Flags
r-devel-linux-x86_64-debian-clang 1.1.6 88.13 45.65 133.78 OK
r-devel-linux-x86_64-debian-gcc 1.1.6 67.41 34.22 101.63 OK
r-devel-linux-x86_64-fedora-clang 1.1.6 196.89 NOTE
r-devel-linux-x86_64-fedora-gcc 1.1.6 179.38 OK
r-devel-windows-ix86+x86_64 1.1.6 290.00 100.00 390.00 OK
r-patched-linux-x86_64 1.1.6 84.10 42.56 126.66 OK
r-patched-solaris-x86 1.1.6 165.00 OK
r-release-linux-x86_64 1.1.6 83.02 42.12 125.14 OK
r-release-macos-x86_64 1.1.6 NOTE
r-release-windows-ix86+x86_64 1.1.6 234.00 78.00 312.00 OK
r-oldrel-macos-x86_64 1.1.6 NOTE
r-oldrel-windows-ix86+x86_64 1.1.6 262.00 108.00 370.00 OK

Additional issues

gcc11

Check Details

Version: 1.1.6
Check: installed package size
Result: NOTE
     installed size is 7.5Mb
     sub-directories of 1Mb or more:
     libs 7.3Mb
Flavors: r-devel-linux-x86_64-fedora-clang, r-release-macos-x86_64, r-oldrel-macos-x86_64