CRAN Package Check Results for Package EcoNetGen

Last updated on 2022-08-15 19:51:16 CEST.

Flavor Version Tinstall Tcheck Ttotal Status Flags
r-devel-linux-x86_64-debian-clang 0.2.3 8.14 58.10 66.24 NOTE
r-devel-linux-x86_64-debian-gcc 0.2.3 6.59 43.64 50.23 NOTE
r-devel-linux-x86_64-fedora-clang 0.2.3 89.30 NOTE
r-devel-linux-x86_64-fedora-gcc 0.2.3 90.51 NOTE
r-devel-windows-x86_64 0.2.3 17.00 85.00 102.00 NOTE
r-patched-linux-x86_64 0.2.3 7.67 54.18 61.85 NOTE
r-release-linux-x86_64 0.2.3 5.07 54.42 59.49 NOTE
r-release-macos-arm64 0.2.3 32.00 NOTE
r-release-macos-x86_64 0.2.3 57.00 NOTE
r-release-windows-x86_64 0.2.3 21.00 86.00 107.00 NOTE
r-oldrel-macos-arm64 0.2.3 38.00 NOTE
r-oldrel-macos-x86_64 0.2.3 44.00 NOTE
r-oldrel-windows-ix86+x86_64 0.2.3 24.00 107.00 131.00 NOTE

Check Details

Version: 0.2.3
Check: LazyData
Result: NOTE
     'LazyData' is specified without a 'data' directory
Flavors: r-devel-linux-x86_64-debian-clang, r-devel-linux-x86_64-debian-gcc, r-devel-linux-x86_64-fedora-clang, r-devel-linux-x86_64-fedora-gcc, r-devel-windows-x86_64, r-patched-linux-x86_64, r-release-linux-x86_64, r-release-macos-arm64, r-release-macos-x86_64, r-release-windows-x86_64, r-oldrel-macos-arm64, r-oldrel-macos-x86_64, r-oldrel-windows-ix86+x86_64