Last updated on 2022-08-17 12:55:12 CEST.
Flavor | Version | Tinstall | Tcheck | Ttotal | Status | Flags |
---|---|---|---|---|---|---|
r-devel-linux-x86_64-debian-clang | 2.5 | 285.60 | 93.72 | 379.32 | OK | |
r-devel-linux-x86_64-debian-gcc | 2.5 | OK | ||||
r-devel-linux-x86_64-fedora-clang | 2.5 | 582.79 | OK | |||
r-devel-linux-x86_64-fedora-gcc | 2.5 | 532.97 | OK | |||
r-devel-windows-x86_64 | 2.5 | 239.00 | 146.00 | 385.00 | OK | |
r-patched-linux-x86_64 | 2.5 | 219.20 | 90.86 | 310.06 | OK | |
r-release-linux-x86_64 | 2.5 | 242.46 | 89.75 | 332.21 | OK | |
r-release-macos-arm64 | 2.5 | 118.00 | NOTE | |||
r-release-macos-x86_64 | 2.5 | 172.00 | NOTE | |||
r-release-windows-x86_64 | 2.5 | 231.00 | 146.00 | 377.00 | OK | |
r-oldrel-macos-arm64 | 2.5 | 655.00 | NOTE | |||
r-oldrel-macos-x86_64 | 2.5 | 150.00 | NOTE | |||
r-oldrel-windows-ix86+x86_64 | 2.5 | 705.00 | 17.00 | 722.00 | ERROR |
Version: 2.5
Check: installed package size
Result: NOTE
installed size is 10.5Mb
sub-directories of 1Mb or more:
libs 9.1Mb
shiny_app 1.1Mb
Flavors: r-release-macos-arm64, r-release-macos-x86_64, r-oldrel-macos-arm64, r-oldrel-macos-x86_64
Version: 2.5
Check: whether package can be installed
Result: ERROR
Installation failed.
Flavor: r-oldrel-windows-ix86+x86_64