CRAN Package Check Results for Package EWOC2

Last updated on 2020-05-25 01:48:51 CEST.

Flavor Version Tinstall Tcheck Ttotal Status Flags
r-devel-linux-x86_64-debian-clang 1.0 4.39 30.06 34.45 NOTE
r-devel-linux-x86_64-debian-gcc 1.0 3.47 23.12 26.59 NOTE
r-devel-linux-x86_64-fedora-clang 1.0 41.89 NOTE
r-devel-linux-x86_64-fedora-gcc 1.0 39.13 NOTE
r-devel-windows-ix86+x86_64 1.0 15.00 43.00 58.00 OK
r-patched-linux-x86_64 1.0 3.40 29.49 32.89 NOTE
r-patched-solaris-x86 1.0 61.60 NOTE
r-release-linux-x86_64 1.0 3.48 29.28 32.76 NOTE
r-release-osx-x86_64 1.0 OK
r-release-windows-ix86+x86_64 1.0 9.00 57.00 66.00 OK
r-oldrel-osx-x86_64 1.0 OK
r-oldrel-windows-ix86+x86_64 1.0 7.00 53.00 60.00 OK

Check Details

Version: 1.0
Check: for non-standard things in the check directory
Result: NOTE
    Found the following files/directories:
     'combination_cohort_2.bug'
Flavors: r-devel-linux-x86_64-debian-clang, r-devel-linux-x86_64-debian-gcc, r-devel-linux-x86_64-fedora-clang, r-devel-linux-x86_64-fedora-gcc, r-patched-linux-x86_64, r-patched-solaris-x86, r-release-linux-x86_64